*i + 1 = -h*i. Suppose 0 = -u - i - 3, -o = u. What is the units digit of o?
4
Let o = 2 + 4. Suppose -145 = -w + o*w. Let z = 47 + w. What is the units digit of z?
8
Let y be 0 + -1 + 1 - 2. Let i be -2 + (y/(-2) - 0). Let s = i - -2. What is the units digit of s?
1
Let j be -4*(0 + 3/(-6)). Let m be (3 - 2 - j) + -2. What is the units digit of (-3)/(-2) - m/6?
2
What is the tens digit of ((-16)/(-24))/((-6)/(-639))?
7
Let n(f) = -f**2 - 11*f - 9. Let j be n(-10). Suppose -2*k = 3*o + 2 + j, 2 = -4*k - 2*o. Suppose a - 6*a + 45 = k. What is the units digit of a?
9
Suppose -c + 17 = 2. What is the units digit of c?
5
Suppose 10*p + 4785 = 21*p. What is the tens digit of p?
3
Suppose 2*x + 2 = -2*j + 10, 5*x = 2*j - 36. Let a(q) be the second derivative of q**3/6 + q. What is the units digit of a(j)?
8
Let p = 8 - 4. Suppose 0 = -v + 2*v + 3*t - 6, 5*v - 4*t = 30. Suppose 3 - v = p*a - 3*o, 20 = 5*a + o. What is the units digit of a?
3
Let z = 10 + -16. What is the units digit of ((-4)/z)/((-11)/(-33))?
2
Let v(o) = 9*o. Let y be v(-4). Let n = -22 - y. What is the units digit of n?
4
Suppose 5*g - g - j = 119, -j + 26 = g. What is the units digit of g?
9
Suppose 2*j - 2 = -0*j. What is the units digit of j?
1
Let r(v) = -4*v + 6. Let w be r(-15). Let u = -34 + w. What is the units digit of u?
2
Suppose -5*o = 5*m - 190, -5*m = o - m - 32. What is the units digit of o?
0
Let f = -1 - -3. Suppose -3*j + f*s + 92 = 0, 4*s - 8 = -24. Let t = j - 18. What is the units digit of t?
0
Let m = 7 - 9. What is the units digit of m/3*54/(-4)?
9
Let y be -3 + 0*(-3)/(-9). What is the units digit of (y/4)/(4/(-32))?
6
Let b(k) = k**3 - 8*k**2 + 2*k + 2. Suppose 0 = -2*s + 4. Suppose -a + 16 = -s*t + 4, -2*a + 20 = -2*t. What is the units digit of b(a)?
8
Suppose -4*s + 1 + 19 = 0, -3*m = -2*s - 221. What is the units digit of m?
7
Suppose 0 = -2*q - 2*n + 12 - 78, 0 = 3*n - 3. Let x = 51 + q. What is the tens digit of x?
1
Let y(t) = -t**3 + 2*t**2 + t. Suppose 2*d + 3 = -1. What is the tens digit of y(d)?
1
Let m = 0 - -4. Suppose -5*w - 3*n + 12 = 0, m*n = -3*w + n + 12. Let q = w + 11. What is the tens digit of q?
1
Let h = -44 - -71. Let u = h + -6. What is the tens digit of u?
2
Let v(x) = -x**3 + 5*x**2 + 2*x - 7. Let t be v(5). Suppose -f - t*c = -25, -3*c - 2*c - 49 = -4*f. What is the tens digit of f?
1
Let p(t) = t**3 + 2*t**2 + 4*t + 2. Let w be p(-2). Let g be (9/w)/(12/(-8)). Suppose 2*v - 14 = 2*z, -2*v + 24 = -5*z + g. What is the units digit of v?
4
Let a = 16 + -8. Let w = a - -1. Suppose 2*x + 23 = 2*l + w, 0 = -4*x - 12. What is the units digit of l?
4
Suppose -4*i = -8*i + 76. What is the tens digit of i?
1
Suppose -6*r + 467 = -361. What is the tens digit of r?
3
What is the units digit of 2 + -2 - (-51 - 4/(-2))?
9
Suppose 14 + 16 = -5*z. What is the units digit of (z/18)/((-1)/6)?
2
Suppose 5*d = -2*u + 28, d - 5*u = 2*d - 24. Suppose -4*o - d*b + 4 = -2*o, b = -3*o + 6. What is the units digit of o?
2
Suppose 3*p + 21 = 5*d, -2*d + 3*p = p - 10. Let w be 1 - (-1)/(-1)*-15. Suppose -i + w = d*i. What is the units digit of i?
4
Let x be (-525)/9 + 1/3. Let w = -30 - x. What is the units digit of w?
8
Let t = -8 + 13. Suppose -t*m - 9 = 31. Let j(o) = -3*o - 11. What is the units digit of j(m)?
3
Let q(y) = -y**3 - 14*y**2 + 15*y + 14. What is the tens digit of q(-15)?
1
Suppose 3*i = -i - 4*y, 5*i - 2*y + 21 = 0. Let a = i + 16. What is the tens digit of a?
1
Let o(g) = 26*g**3 - 3*g**2 + 2*g**2 + 1 - 5*g**3. What is the units digit of o(1)?
1
Suppose -44 = -2*l + l. What is the units digit of l?
4
Let n = 67 + -37. Suppose -p + n - 3 = -4*t, -5*t - 50 = 2*p. Let j = -6 - t. What is the units digit of j?
2
Suppose -4*a = 4*z - 480, 440 = 2*a + 2*a - 4*z. What is the units digit of a?
5
Suppose 2*s - 24 = -s. What is the units digit of 6*s/6 + 0?
8
Let y = 9 - 3. Suppose 0*f + y = -3*f, -m = -f - 18. What is the units digit of m?
6
Let m = 210 - 121. What is the units digit of m?
9
Let h = 48 - 37. What is the units digit of h?
1
Suppose -3*o + 4 = o. Let t = 26 + -27. Let q = o - t. What is the units digit of q?
2
Suppose 10 = -3*j + 2*p, 0 = j + 2*p - 0*p - 10. Suppose u + 3*t = 27, -t + 2*t - 4 = j. What is the units digit of 3*(-1)/(-9)*u?
5
Let c(q) = 2*q + 14. Let p be c(-12). What is the units digit of ((-54)/(-5))/(p/(-25))?
7
Let z(q) = -q**3 - 4*q**2 + 5*q + 10. What is the units digit of z(-7)?
2
Let h(i) = 5*i + 10. What is the tens digit of h(8)?
5
Suppose -44 = -2*d + 18. What is the tens digit of d?
3
Suppose -3*d + 612 = 6*d. What is the units digit of d?
8
Let t(d) be the third derivative of d**6/120 + 11*d**5/60 + d**4/3 - 4*d**3/3 + 3*d**2. What is the tens digit of t(-10)?
1
Suppose a - 255 + 15 = 5*j, 2*a - 471 = j. What is the tens digit of a?
3
Let w(o) = -o**2 + 4*o + 8. Let c be w(6). What is the units digit of -8*(-3 - 10/c)?
4
Suppose -2*r - 41 = 5*n - 17, -2*n + 2 = -5*r. Let p = 5 + r. What is the units digit of p?
3
Suppose 4 = w - 0*w. Suppose 17 = w*j - 63. Let i = j - 10. What is the tens digit of i?
1
Suppose -8 = -f - 7*o + 2*o, 4*f - 5*o - 7 = 0. What is the units digit of (-7 - -4) + 81/f?
4
Suppose -i + 3 + 2 = 0. Suppose 4*y = -2*l + 4*l - 22, -i*l + 4*y + 61 = 0. What is the tens digit of l?
1
Suppose 1 = w - 2. Suppose 2*k - 2*b - 3*b = 0, 2*k = w*b + 4. What is the units digit of k?
5
Suppose 6*m - 884 = -140. What is the tens digit of m?
2
Let v(b) = b**2 + 4. Let h be v(4). Suppose -3*u = u - h. Suppose -5 = o, 2*o + 6 = 3*n + u*o. What is the units digit of n?
7
Let a(u) = -2*u**3 + 3*u**2 - 3*u + 1. Let p be a(2). Let b = p - 0. Let r = b + 16. What is the units digit of r?
7
Let v(o) = o**3 - 3*o**2 + 3*o - 2. Suppose 0 = 5*x + 13 - 33. Suppose 1 = -x*i - j + 8, -5*j = -3*i + 34. What is the units digit of v(i)?
7
Let f(z) = -z**2 + z + 1. Let l be f(-1). Let c(x) = 2*x + 3. Let d be c(-5). Let j = l - d. What is the units digit of j?
6
Let c(u) = -2*u**3 + 14*u**2 + 6. What is the tens digit of c(6)?
7
Suppose -4*j - 12 = -5*j. Suppose 2*k = 20 + j. What is the units digit of k?
6
Suppose -2*j - 93 + 279 = 0. Suppose -298 + j = -5*h. What is the tens digit of h?
4
Let h(o) = 5*o - 51. What is the units digit of h(20)?
9
Suppose 4*q - 3*f = -28, -5*q + q - 24 = -2*f. Let m be q/(-3)*(-9)/(-6). Suppose -n + 44 = m*i + 3*n, i - 2 = 3*n. What is the tens digit of i?
1
Let n(b) = -11*b + 7. Let q be n(-8). Suppose 5*c - 2*w - q = 2*w, -2*c + 26 = -4*w. What is the tens digit of c?
2
Let d(w) = 5*w**3 - 6*w**2 + w - 1. Let r(n) = 4*n**3 - 7*n**2 + n - 1. Let t(s) = -3*d(s) + 4*r(s). What is the units digit of t(10)?
9
Let d(l) = -l**3 - 6*l**2 - 6*l - 4. Let n be d(-5). Let a = 1 - n. Suppose a = g - 4*g + 3. What is the units digit of g?
1
Suppose -3*t = o + o - 12, 2*o + t = 8. What is the units digit of o?
3
Suppose -7*z + 35 = -2*z. Suppose -4*w + 5 = -z. What is the units digit of (0 + w + -2)*1?
1
Let r = -23 - -30. What is the units digit of r?
7
Suppose 40 = 4*b + b. What is the units digit of b?
8
Let r = -8 - -5. Let v = r - -19. What is the tens digit of v?
1
Suppose m = -2*i - 3 + 11, 2*m = 3*i - 5. Let z be 0*m/4*-1. Suppose 4*n - 5 - 31 = z. What is the units digit of n?
9
Suppose -17 = -0*u - u. Suppose m + u = 4*k, k - 3 = -0*k - m. What is the units digit of k?
4
What is the hundreds digit of 0 + 146 - 48/(-16)?
1
Let u = 117 - 81. What is the tens digit of u?
3
Suppose -6*v = -5*v + h - 2, 3*h - 6 = 3*v. Suppose -2*p - 2*p + 44 = v. What is the tens digit of p?
1
Suppose -4*g = -g - 3. Suppose 5 = a - g. Suppose -5*x + a + 1 = 2*t, -x + 3*t = 2. What is the units digit of x?
1
Let t(r) = -6*r - 1. Let m be t(-1). Suppose -2*w = m*l + 97, -5*w - 26 = 2*l + 17. What is the units digit of l/(-4) + (-2)/(-8)?
5
Suppose 4*v - 7 + 3 = 0. Suppose -4*f + 25 - v = 0. Suppose f = 3*b - 3*c, 5*c = 3*b - 8*b + 20. What is the units digit of b?
3
Let b = -84 - -153. What is the tens digit of b?
6
Suppose -y + 4*y + 4*r + 11 = 0, 0 = 3*y - 4*r - 29. Let k(z) = 4*z**2 + z + 3 + z**y + z**2 - 2*z. What is the units digit of k(-5)?
8
Suppose 5*i = 3*s - 354, 3*s + 78 = i + 432. What is the tens digit of s?
1
Let n(s) = -s - 9. Let p be n(-4). Let k = 6 - p. What is the tens digit of (-1 - 